late the greatest common divisor of 2326 and 5337565240.
2326
Calculate the highest common factor of 47158 and 75183722.
2774
Calculate the highest common divisor of 629 and 31114336.
37
What is the greatest common factor of 182534715 and 540?
135
What is the highest common factor of 431787 and 18093?
489
Calculate the greatest common factor of 266681617 and 15692.
3923
What is the greatest common divisor of 69672 and 497496?
24
What is the highest common factor of 129665 and 250?
5
Calculate the greatest common factor of 3584 and 8430464.
896
Calculate the highest common factor of 433355 and 17641.
767
Calculate the greatest common factor of 1607 and 4195877.
1607
Calculate the greatest common factor of 137 and 18437597.
137
Calculate the highest common factor of 1476 and 26035656.
492
Calculate the greatest common divisor of 18106 and 15092.
22
Calculate the greatest common divisor of 16246 and 105265957.
8123
Calculate the greatest common factor of 7 and 3028251.
1
Calculate the highest common divisor of 2 and 6912301.
1
What is the highest common factor of 6 and 816570924?
6
Calculate the highest common factor of 3221990 and 9145.
295
Calculate the greatest common factor of 29690957 and 61.
61
Calculate the greatest common factor of 4403168 and 1057.
7
Calculate the highest common divisor of 26124668 and 30652.
316
Calculate the greatest common divisor of 221 and 1417299520.
221
What is the greatest common divisor of 29 and 122568268?
29
Calculate the greatest common divisor of 113096753 and 2915.
583
What is the highest common divisor of 60957 and 5290272?
117
Calculate the highest common factor of 360 and 7862400.
360
Calculate the greatest common factor of 10919220 and 1180.
20
What is the highest common factor of 696283820 and 40?
20
What is the greatest common divisor of 4188 and 18132?
12
What is the highest common divisor of 176317250 and 50?
50
Calculate the greatest common divisor of 605024 and 666.
74
Calculate the greatest common factor of 11858 and 3420186.
1694
Calculate the greatest common factor of 104 and 1975784.
8
What is the greatest common divisor of 689 and 18022173?
689
What is the highest common factor of 999695 and 90?
5
What is the greatest common divisor of 264431 and 184?
23
What is the highest common factor of 24942 and 12196?
2
What is the greatest common factor of 22760496 and 278784?
1584
What is the greatest common divisor of 5831 and 4691218?
119
Calculate the greatest common factor of 201770733 and 92397.
4863
What is the greatest common factor of 1039186 and 72181?
551
What is the greatest common factor of 7840807 and 73321?
227
Calculate the highest common factor of 213 and 61136893.
71
What is the highest common factor of 2244805 and 2491817?
1669
What is the greatest common factor of 12534 and 75107906?
4178
Calculate the greatest common divisor of 1835175 and 2.
1
Calculate the greatest common factor of 12 and 96014520.
12
What is the greatest common divisor of 24 and 88903032?
24
Calculate the greatest common factor of 351417 and 132.
33
What is the highest common factor of 1001703 and 186?
93
What is the greatest common divisor of 274517 and 4?
1
Calculate the highest common factor of 1017 and 5991.
3
Calculate the highest common divisor of 3175 and 11049.
127
What is the highest common factor of 460698348 and 132?
132
Calculate the greatest common divisor of 72825 and 13500784.
971
Calculate the greatest common divisor of 400 and 29406800.
400
Calculate the greatest common factor of 28122030 and 5404.
386
What is the highest common divisor of 1724463 and 34?
17
What is the greatest common factor of 59662 and 1260684?
2594
What is the greatest common factor of 3824 and 527473?
239
Calculate the greatest common factor of 9567390 and 50.
10
What is the greatest common divisor of 2197740 and 76?
4
What is the highest common factor of 10240 and 115040?
160
What is the highest common factor of 11768429 and 38?
19
Calculate the highest common divisor of 3528 and 1540749.
21
Calculate the greatest common divisor of 61190 and 13340.
290
Calculate the greatest common factor of 8863904 and 21.
7
What is the greatest common divisor of 26950 and 497595?
245
Calculate the highest common factor of 45716590 and 53394.
1618
Calculate the greatest common divisor of 52 and 60332848.
4
What is the highest common divisor of 2133 and 63072?
27
Calculate the greatest common factor of 20094 and 621826.
34
Calculate the highest common factor of 6007089 and 2784.
87
What is the highest common divisor of 29 and 21987887?
29
Calculate the highest common divisor of 26410362 and 24.
6
Calculate the greatest common factor of 315 and 1698399.
9
Calculate the highest common divisor of 75688064 and 448.
64
Calculate the greatest common divisor of 1875 and 1958025.
75
What is the greatest common divisor of 167623711 and 9395?
1879
What is the highest common divisor of 39892251 and 357?
357
What is the highest common factor of 18214 and 10480856?
2602
Calculate the highest common divisor of 52613120 and 11648.
896
What is the highest common factor of 9316896 and 24?
24
What is the highest common divisor of 1477665 and 2205?
315
What is the greatest common factor of 6132210 and 4830?
210
Calculate the greatest common factor of 998 and 169422.
2
What is the highest common factor of 132 and 275678007?
33
Calculate the highest common factor of 9 and 169877601.
9
Calculate the greatest common factor of 379067 and 526773.
169
What is the highest common divisor of 92338 and 112558?
674
Calculate the greatest common factor of 145509 and 566319.
507
Calculate the greatest common divisor of 702 and 71285136.
78
What is the greatest common divisor of 14 and 45622619?
7
Calculate the highest common factor of 436824240 and 720.
240
Calculate the highest common divisor of 3149950 and 791371.
863
What is the greatest common factor of 117482624 and 4288?
4288
Calculate the highest common factor of 10992 and 479472.
48
Calculate the highest common divisor of 173171 and 155587.
157
What is the highest common factor of 832 and 59758816?
416
Calculate the highest common factor of 348506 and 376148.
542
Calculate the highest common factor of 8339236 and 779.
41
What is the highest common divisor of 38448 and 95520?
48
What is the highest common factor of 77520 and 14280?
2040
Calculate the highest common divisor of 31458790 and 605.
605
Calculate the greatest common factor of 31262 and 12902912.
638
What is the highest common divisor of 1904 and 103805744?
112
Calculate the highest common factor of 296957 and 14900.
149
What is the greatest common divisor of 3135 and 479712?
57
What is the highest common factor of 121332879 and 1143?
1143
What is the highest common divisor of 8935434 and 9918?
342
What is the highest common divisor of 91662511 and 205?
41
What is the highest common divisor of 31021650 and 432?
54
What is the greatest common divisor of 146 and 127292582?
146
Calculate the greatest common factor of 12103 and 2101463.
637
Calculate the greatest common factor of 209995005 and 1949.
1949
Calculate the greatest common factor of 778815776 and 64.
32
What is the highest common factor of 66324934 and 11005?
2201
What is the highest common divisor of 23506 and 21479374?
1022
What is the highest common factor of 2798382 and 10074?
438
What is the greatest common factor of 351028571 and 799?
47
Calculate the highest common factor of 63583 and 849355.
949
What is the highest common divisor of 351 and 1142343?
27
What is the highest common divisor of 3059290 and 1864?
466
What is the greatest common factor of 740956 and 4315286?
5218
Calculate the highest common divisor of 41132 and 169652.
28
Calculate the highest common divisor of 2034 and 37350.
18
Calculate the highest common factor of 21274630 and 28860.
4810
Calculate the greatest common divisor of 344342445 and 35848.
4481
What is the highest common factor of 3938628 and 344832?
5388
Calculate the greatest common divisor of 5747 and 19682654.
821
Calculate the highest common divisor of 2143820 and 420.
140
What is the highest common divisor of 824032 and 128?
32
Calculate the greatest common factor of 134808 and 37392.
984
Calculate the highest common divisor of 15623568 and 3312.
144
What